at are the prime factors of c?
2, 3
Let w(p) = p**3 + 7*p**2 - 2*p - 8. Let j be w(-7). What are the prime factors of j/21 - (-89)/7?
13
Let m be 4/(-6)*3/(-2). Let b be 1*-26 - (-1)/m. Let j = 36 + b. What are the prime factors of j?
11
Suppose a = 6 - 2. Let i(o) = 3*o**2 - 5 + a*o + 3*o - 4*o**2. What are the prime factors of i(5)?
5
Suppose -2*i - 3*i + 5 = 0. Suppose -d + 4 = -i. List the prime factors of d.
5
Let z(d) = -d**2 - 6*d - 4. Let n be z(-4). Suppose 8*l - 6*l + 8 = 5*r, n*l = 5*r + 4. Let o = l + 6. List the prime factors of o.
2, 3
Let x = 3 - 3. Suppose p = -x*p + 3. Suppose -p = -u + 3. List the prime factors of u.
2, 3
Suppose -2*q + 3*q = 3*x + 59, 1 = -x. What are the prime factors of q?
2, 7
Let n be 1/(9/(-5) - -2). Suppose -142 = -n*r - 42. List the prime factors of r.
2, 5
Suppose 5*u - 434 + 14 = 0. What are the prime factors of u?
2, 3, 7
Suppose 0 = 3*h + 4*x - 204, -6*x - 297 = -4*h - 3*x. List the prime factors of h.
2, 3
Let g(o) = 9 + 2*o**3 - 4*o**2 + 6*o - 3*o**3 - o**2. List the prime factors of g(-6).
3
Let m be 9/6 + 3/(-6). Let b = 1 + m. Suppose b*s + 9 = 29. What are the prime factors of s?
2, 5
Let v(l) = -l + 1 + 6*l**2 + 2*l**2 + 2*l. Suppose 0 = -2*g - n - 1, 1 = 4*g - g + 4*n. List the prime factors of v(g).
2
Let d = 15 - 6. Let c be (-16)/(-6)*d/6. List the prime factors of 150/22 + c/22.
7
Let r(c) = -3*c - 1. Let p be r(-1). Suppose p*b = 3*b + 2. List the prime factors of 8/(-6)*15/b.
2, 5
Let k(l) = 2*l - 8. Let i = -59 + 102. Suppose 3*f = -4*v + i, 4*v = f + 2*f + 13. List the prime factors of k(v).
2, 3
Suppose 4*c - 63 = c. List the prime factors of c.
3, 7
Suppose a + 1 = 4. What are the prime factors of (10/a)/(4/6)?
5
Suppose -6*p + 152 = -2*p. What are the prime factors of p?
2, 19
List the prime factors of 409/11 - (-24)/(-132).
37
Let l(p) = p**3 - 4*p**2 + 3*p - 6. Let n be l(3). List the prime factors of 658/21 + 2/n.
31
Let r be 385/15 + 3/9. Suppose -r = -5*j + 224. List the prime factors of j.
2, 5
Let o(m) = -2*m**2 - 2*m**2 - 11*m - 2 + 3*m**2 - 3. Let p(d) = -2*d**2 - 1. Let i be p(2). What are the prime factors of o(i)?
13
Let r(u) = u**3 - u**2 + u - 8. What are the prime factors of r(4)?
2, 11
Suppose 0 = 4*k - x - 97, x = -k - 3*k + 103. Let a = k + -17. List the prime factors of a.
2
Suppose -1 = t + 1. List the prime factors of 21/(1 + t/(-4)).
2, 7
Suppose -3*s + 5 = -16. Let p(k) = -k**3 + 3*k**2 - 13*k + 14. Let y(f) = f**2 + f - 1. Let n(o) = p(o) + 5*y(o). What are the prime factors of n(s)?
2
Suppose 0 = 3*l + 2*l - 20. Let c be -1 - l - (-2)/1. What are the prime factors of -19*-1*c/(-3)?
19
List the prime factors of (-1)/(1 - (-136)/(-132)).
3, 11
Let q be (-7 - -1)*2/(-6). Suppose 8 = 5*z + 5*j - q, j - 2 = z. Suppose 3*u - 6 = -z*u. List the prime factors of u.
2
Let l(v) = v**2. Let i be l(3). Suppose -5*d + 4 = g, 1 = -5*d - 2*g + i. Suppose d*s = -2*s + 32. What are the prime factors of s?
2
Suppose s - 26 = 2*h - 6*h, 4*h - 4*s = 16. Suppose 0 = 8*a - 4*a + 2*v - h, 3*a - 2 = -2*v. List the prime factors of a.
2
Let t(z) = -z**2 - 25*z - 21. List the prime factors of t(-19).
3, 31
Suppose -5*y + y = 4. What are the prime factors of (-15)/12*32/y?
2, 5
Let q(z) = 5*z**2 + 1 - 2*z**2 - z + 0*z**2 - 2*z. Let j be q(2). Let u = j - 5. What are the prime factors of u?
2
What are the prime factors of 1053/45 + 4/(-10)?
23
Suppose -155 = -5*c + 40. List the prime factors of c.
3, 13
Suppose 2*f - 1 = -4*o + o, 0 = -2*f - 5*o - 1. Suppose -2*l - 6 = f*n, 2*n = n - 2*l - 8. What are the prime factors of (1 + n)/(1/3)?
3
Let f be ((-4)/(-10))/((-2)/(-10)). Let k = 0 - f. List the prime factors of 52/6*(-3)/k.
13
Suppose -q - 4*q = 5*m + 30, 2*q + 33 = 5*m. Let t = q - -12. Suppose t*b - u - 65 = 0, 4*u - 3*u + 45 = 2*b. List the prime factors of b.
2, 5
Let i be (-356)/16*8/(-2). Let r = i - 49. What are the prime factors of r?
2, 5
Suppose 21 = 2*k + 5*u, -4 = 3*u - 13. Suppose 0 = -v + 3, 23 = d + 4*v + 5. Let y = d - k. List the prime factors of y.
3
Let l(j) = -j**2 - 10*j + 5. Let m = -10 + 4. Let d be l(m). Suppose 4*x = d + 3. What are the prime factors of x?
2
Let b(j) = -2*j**3 - 5*j**2 - 2*j + 4. List the prime factors of b(-4).
2, 3, 5
Let s = -5 + 16. Suppose 4 = 4*o - 4*c, 4 = -5*c + 3*c. What are the prime factors of s - (2 + o - 1)?
11
Suppose 42 + 42 = 4*q. Suppose -1 - 2 = -3*l, 3*r - 3*l = -q. Let t(w) = w + 10. What are the prime factors of t(r)?
2
Let r(u) = 17*u**3 - u**2 + 1. Let p be r(-1). Let h = p + 44. List the prime factors of h.
3
What are the prime factors of 4/10 + 232/20?
2, 3
Let p(r) = -7*r**3 + 5*r**2 + 4*r - 4. List the prime factors of p(-3).
2, 109
Let l = 6 + 1. Let w = -3 + l. What are the prime factors of w?
2
Let b = 3 + -1. Let f(h) = h**3 - 1 + 7*h**2 - 4 + b*h**3 - 9*h - 2*h**3. List the prime factors of f(-8).
3
Suppose 4*m - 10 = 2. Let n = -7 + m. What are the prime factors of (-54)/(-10) - n/(-10)?
5
Let g be (-7)/(-3) + (-6)/(-9). Suppose n - g*z = -2 - 2, -2*n - 5*z = -47. List the prime factors of n.
11
Let n = 269 - 184. What are the prime factors of n?
5, 17
Let f(t) = t**2 - 13*t - 28. List the prime factors of f(-6).
2, 43
Let d = 36 - -6. Suppose -2*y = 4*x - d, x = -3*y + 2*x + 56. List the prime factors of y.
19
What are the prime factors of (-6 - -10) + 6*12?
2, 19
Let t(u) = u + 8. Let j be t(0). Suppose -v + j = -4*d, -1 = -2*v - 3*d + 4. What are the prime factors of v?
2
Let v(p) = p**3 + 10*p**2 + 10*p - 3. List the prime factors of v(-8).
3, 5
Suppose 0 = -5*p - 2*z - 4, -4*p + 0*z = -z + 11. Let i be 0 + 2 - 0/p. Suppose -w + k + 4 = 0, -k + 22 = i*w + 4*k. What are the prime factors of w?
2, 3
Let i(d) = d**3 + 34*d**2 + 29*d - 24. What are the prime factors of i(-33)?
2, 3
What are the prime factors of (-72)/(-2) + -3 - -1?
2, 17
Let n = 3 + -4. Let k = n - -3. Suppose k*b - 10 = 8. List the prime factors of b.
3
Let x(k) = k**2 - 7*k - 2. Let a be x(5). Suppose -5*l + c - 172 = 0, -l - 4*l = 3*c + 164. List the prime factors of a/8 + l/(-4).
7
Let j(o) = o + 11. Let c(i) = -i + 7. Let l be c(7). List the prime factors of j(l).
11
Let s(x) = 2*x + 1. Let w(k) = -6 - 7*k + k + k + 7. Let o be w(-1). What are the prime factors of s(o)?
13
Suppose 270 = 3*z + 45. What are the prime factors of z?
3, 5
Let i = 4 - 4. Let m be 2 + i*(1 - 2). Suppose 27 = m*r + 9. List the prime factors of r.
3
Let a = -62 + 113. What are the prime factors of a?
3, 17
Let s(i) = i**2 + 3*i + 109. List the prime factors of s(0).
109
Let l(c) = -7*c + 2. Let u be l(-2). Suppose 3*w - 6 = -b + u, 26 = 3*w - b. List the prime factors of w.
2
Let c(r) = 4*r**2 - 10. What are the prime factors of c(5)?
2, 3, 5
Let a(l) = -l - 2 + 4 + 0 + 2. Let v be a(-5). Let d = v + 5. List the prime factors of d.
2, 7
Suppose 0 = 5*g - 161 - 614. List the prime factors of g.
5, 31
Let s be 7 + -1 - (1 + 2). Suppose s*h = -3*m + 63 - 6, 65 = 3*h + m. List the prime factors of h.
23
Let z(a) = -a**2 - a. Let f = 0 - -1. Let w(b) = 4*b**2 - b + 2. Let q(n) = f*w(n) + 3*z(n). What are the prime factors of q(4)?
2
Let j(f) = f**3 - 4*f**2 + 3*f - 4. Let u be j(4). Suppose y + u = -3*p, 2 = -3*p - p + 3*y. List the prime factors of (-100)/(-8) + p/4.
2, 3
What are the prime factors of (40 - 29)/(1/22)?
2, 11
Let g = -7 + 15. Let l = -4 + g. Suppose c - 3*m = 3, 2*c + l = 4*m + 12. List the prime factors of c.
2, 3
Suppose 0 = -2*j + 6 + 6. List the prime factors of j.
2, 3
Let i(p) = 2*p - 3. Let a be i(2). Let h = 6 - -1. Let c = a + h. List the prime factors of c.
2
Let g(w) = w + 2. Let a be g(-6). Let t = -109 + 133. List the prime factors of (-51)/a + 6/t.
13
Let u(o) = o**3 + 11*o**2 - 9*o - 1. What are the prime factors of u(-10)?
3, 7
Let i(g) = -g + 1. Let r be i(6). Suppose -63 = -6*n - 9. Let v = n + r. List the prime factors of v.
2
Let c = -8 - -5. List the prime factors of (c/2)/(9/(-96)).
2
Suppose -42*d + 38*d + 364 = 0. List the prime factors of d.
7, 13
Suppose 3*r = 4*p - 6, -p - 6 = 3*p + 3*r. Suppose 4*u + 40 = 4*w - 76, p = -5*u. What are the prime factors of w?
29
Suppose -3*j - 5*k = -88, 2*j - 4*k + 13 = 35. What are the prime factors of j?
3, 7
Let v be (-2 - 3)*(-4 + -1). Suppose -u - v = -5*a - 3*u, -a = -3*u - 5